15643 (base 7) to base 6
1311445
What is -256 (base 13) in base 2?
-110011001
What is -904 (base 11) in base 10?
-1093
1675 (base 14) to base 5
112043
-1324 (base 9) to base 7
-2620
Convert -1860 (base 11) to base 15.
-a7a
-803b (base 14) to base 12
-10899
What is 15441 (base 6) in base 5?
40140
Convert 201001002 (base 3) to base 12.
8048
What is -6427 (base 11) in base 2?
-10000100110011
What is 6178 (base 10) in base 12?
36aa
What is -2015 (base 7) in base 8?
-1272
What is -7655 (base 9) in base 15?
-1a0e
What is 2b12 (base 12) in base 11?
3885
Convert -252 (base 7) to base 5.
-1020
-3409 (base 16) to base 8
-32011
Convert -27836 (base 9) to base 3.
-221221020
Convert -600 (base 9) to base 5.
-3421
-72 (base 8) to base 4
-322
What is -b8a (base 14) in base 11?
-1791
What is 51455 (base 7) in base 3?
122021002
Convert 377 (base 14) to base 16.
2b5
-10101110010101 (base 2) to base 14
-40cd
Convert -1110010100111 (base 2) to base 15.
-2290
Convert 1232214 (base 5) to base 7.
130100
6ee (base 15) to base 9
2138
-104 (base 7) to base 3
-1222
Convert -1021312 (base 5) to base 3.
-212102200
What is -741 (base 13) in base 2?
-10011010100
Convert -121031 (base 5) to base 14.
-1908
Convert 35648 (base 10) to base 9.
53808
-1101000110101 (base 2) to base 16
-1a35
Convert -1110001001001001 (base 2) to base 10.
-57929
a6 (base 13) to base 4
2020
What is -343 (base 7) in base 9?
-217
10111011000 (base 2) to base 14
78c
211002110 (base 3) to base 9
24073
2878 (base 11) to base 7
13555
261 (base 8) to base 2
10110001
What is -1198 (base 13) in base 6?
-15311
What is -105451 (base 6) in base 13?
-4159
What is -2264 (base 13) in base 12?
-2952
-4467 (base 8) to base 14
-c07
Convert -17142 (base 10) to base 2.
-100001011110110
Convert 11d4 (base 16) to base 15.
1544
What is 11031130 (base 4) in base 3?
1002021101
What is 5cc6 (base 13) in base 9?
20058
-2ab (base 12) to base 11
-351
What is -22235 (base 6) in base 11?
-2386
What is -54665 (base 7) in base 15?
-40e8
What is 19b59 (base 12) in base 16?
9435
Convert 2102201 (base 3) to base 11.
1373
What is 78 (base 14) in base 10?
106
What is -31448 (base 9) in base 2?
-101000100101100
Convert -2223402 (base 5) to base 16.
-993b
What is 10101100110 (base 2) in base 7?
4013
What is 12365 (base 7) in base 12?
1a95
What is -40 (base 8) in base 4?
-200
Convert -40140 (base 7) to base 14.
-3757
Convert -1241143 (base 5) to base 7.
-131366
-111000111010001 (base 2) to base 4
-13013101
648 (base 11) to base 8
1412
Convert -1003033 (base 4) to base 7.
-15355
What is 20002313 (base 4) in base 2?
1000000010110111
What is 12de (base 15) in base 13?
1ab4
-20c78 (base 13) to base 3
-10000021102
-3403 (base 8) to base 2
-11100000011
What is 125 (base 8) in base 16?
55
Convert 5141 (base 8) to base 12.
1655
-588a (base 13) to base 2
-11000010100011
Convert -10546 (base 9) to base 11.
-52a1
11275 (base 8) to base 5
123142
-62743 (base 8) to base 6
-320431
What is -7899 (base 10) in base 2?
-1111011011011
What is -11013 (base 11) in base 15?
-4b0b
-5132 (base 7) to base 4
-123323
65e (base 15) to base 8
2637
320 (base 6) to base 4
1320
Convert 5c0 (base 14) to base 11.
954
Convert -10100001101000 (base 2) to base 6.
-115520
Convert 76 (base 8) to base 6.
142
9c1 (base 16) to base 8
4701
-102d2 (base 15) to base 2
-1100100001001000
228 (base 12) to base 10
320
Convert 59 (base 10) to base 4.
323
52364 (base 10) to base 4
30302030
151131 (base 6) to base 3
201221001
Convert -144414 (base 5) to base 3.
-22112220
Convert -9da (base 15) to base 13.
-1027
161 (base 8) to base 2
1110001
What is 296 (base 11) in base 9?
425
Convert -2f7 (base 16) to base 12.
-533
541 (base 7) to base 13
181
-85 (base 16) to base 9
-157
What is 21103320 (base 4) in base 8?
112370
What is e1 (base 16) in base 3?
22100
-11211 (base 4) to base 14
-1b7
-2cd (base 14) to base 13
-351
Convert -2f9d (base 16) to base 11.
-9181
Convert -1270c (base 15) to base 7.
-333621
Convert 6b60 (base 14) to base 2.
100100100010000
-1313021 (base 5) to base 6
-320231
Convert -12048 (base 12) to base 16.
-5eb8
What is 32231 (base 4) in base 13?
575
Convert 1cab9 (base 13) to base 6.
1114451
-8380 (base 12) to base 6
-150240
-444 (base 10) to base 7
-1203
What is -30011 (base 4) in base 3?
-1001122
Convert -1a7 (base 13) to base 9.
-370
What is -2111222221 (base 3) in base 16?
-c1a2
Convert 46417 (base 9) to base 5.
1442313
What is -1c9 (base 16) in base 8?
-711
-18e7 (base 15) to base 4
-1110100
Convert 703 (base 11) to base 12.
5aa
Convert 10110010010 (base 2) to base 4.
112102
-525 (base 10) to base 2
-1000001101
17db9 (base 15) to base 6
1354033
Convert -5530 (base 8) to base 13.
-1425
Convert -4322 (base 6) to base 12.
-6a2
Convert 93a (base 12) to base 11.
1010
Convert -101110001001010 (base 2) to base 3.
-1012102001
1980a (base 11) to base 7
143314
2441 (base 5) to base 3
111202
What is -1a75 (base 13) in base 4?
-332033
-1b (base 14) to base 13
-1c
211210 (base 3) to base 6
2503
What is 300220 (base 4) in base 8?
6050
-2581 (base 16) to base 9
-14147
1040 (base 7) to base 2
101110011
What is -102012010 (base 4) in base 16?
-12184
Convert -53a1 (base 11) to base 4.
-1233121
Convert 31032 (base 4) to base 15.
3b6
-305 (base 6) to base 14
-81
What is 2212210011 (base 3) in base 2?
1101110110000000
Convert 37 (base 11) to base 12.
34
What is -73300 (base 9) in base 15?
-e4dc
Convert -15546 (base 10) to base 2.
-11110010111010
-1502 (base 15) to base 9
-6152
Convert -35391 (base 10) to base 12.
-18593
Convert 28c (base 14) to base 6.
2220
Convert -10000111000000 (base 2) to base 9.
-12760
Convert 3404 (base 8) to base 7.
5144
Convert 3360 (base 7) to base 6.
5350
703 (base 8) to base 10
451
What is 42312 (base 6) in base 9?
7768
What is 5078 (base 10) in base 4?
1033112
Convert -476 (base 8) to base 9.
-383
4051 (base 13) to base 7
34546
Convert 1142 (base 12) to base 5.
30142
11300 (base 6) to base 16
654
Convert 1032300 (base 4) to base 6.
35200
Convert -4055 (base 6) to base 5.
-12044
What is 34305 (base 7) in base 16?
2217
What is -4a0 (base 16) in base 14?
-608
Convert 2012220220 (base 3) to base 6.
534123
1221211 (base 3) to base 15
651
What is -141242 (base 5) in base 12?
-3452
Convert a522 (base 11) to base 5.
421224
-3112 (base 6) to base 11
-57a
-3c3 (base 15) to base 4
-31122
Convert -30 (base 14) to base 16.
-2a
12716 (base 9) to base 10
8601
Convert -1012122211 (base 3) to base 16.
-5d01
-10011001011 (base 2) to base 6
-5403
What is 21221121 (base 3) in base 7?
22615
Convert -651 (base 7) to base 16.
-14a
What is 32ba (base 12) in base 7?
22240
What is -2aa3 (base 12) in base 15?
-1749
What is -1230 (base 5) in base 15?
-ca
Convert 5050 (base 12) to base 4.
2013330
Convert 2256 (base 15) to base 5.
213111
221 (base 4) to base 6
105
-57134 (base 9) to base 16
-9484
What is 55089 (base 10) in base 11?
38431
What is 2d (base 15) in base 3?
1121
-61b3 (base 12) to base 10
-10647
69a (base 15) to base 7
4234
What is 101101000101 (base 2) in base 9?
3855
Convert -15a (base 11) to base 14.
-d4
-2586 (base 9) to base 8
-3625
Convert 23c (base 15) to base 7.
1323
What is -24321 (base 5) in base 2?
-11100101100
What is -95 (base 12) in base 3?
-11012
What is -11111010011111 (base 2) in base 14?
-5bb1
What is 988 (base 12) in base 8?
2570
Convert -33a (base 11) to base 4.
-12112
Convert 201220 (base 3) to base 15.
25c
Convert 11860 (base 9) to base 10.
7992
What is -4392 (base 10) in base 6?
-32200
What is 34831 (base 10) in base 12?
181a7
What is -1111110 (base 2) in base 8?
-176
310150 (base 6) to base 16
6072
Convert -113321 (base 5) to base 16.
-1073
What is -44e3 (base 15) in base 14?
-547b
Convert -112242 (base 5) to base 10.
-4072
What is 311402 (base 6) in base 8?
60632
2412 (base 5) to base 9
436
-153a (base 14) to base 16
-ec0
What is -6612 (base 7) in base 12?
-1449
Convert -15792 (base 10) to base 14.
-5a80
What is 142000 (base 5) in base 16?
16f3
What is -21011000 (base 3) in base 7?
-21123
What is 122627 (base 8) in base 11?
29938
-1333022 (base 4) to base 15
-2628
-19731 (base 12) to base 13
-13cba
What is 223 (base 6) in base 11?
7a
Convert 105 (base 15) to base 10.
230
21332 (base 4) to base 3
212122
-49261 (base 10) to base 3
-2111120111
What is 44